{"id":26,"date":"2021-02-18T10:51:43","date_gmt":"2021-02-18T09:51:43","guid":{"rendered":"https:\/\/www.vinn.no\/nettbutikk2\/produkt\/import-placeholder-for-12\/"},"modified":"2022-04-25T10:50:24","modified_gmt":"2022-04-25T08:50:24","slug":"pensumhefte-alkoholloven","status":"publish","type":"product","link":"https:\/\/www.vinn.no\/nettbutikk\/produkt\/pensumhefte-alkoholloven\/","title":{"rendered":"Pensumhefte &#8211; skjenke- og salgsbevilling"},"content":{"rendered":"<p>Med dette pensumheftet vil du stille godt forberedt til \u00e5 ta Kunnskapspr\u00f8ven i alkoholloven for skjenke- eller salgsbevilling. Vi har utviklet pensumheftet\u00a0med tanke p\u00e5 at det skal v\u00e6re\u00a0kortfattet, men likevel omhandle alle forhold du forventes \u00e5 ha kunnskap om n\u00e5r du skal ta pr\u00f8ven. Heftet er organisert slik at det skal hjelpe deg \u00e5 bli kjent med de lover og forskrifter du m\u00e5 ha kjennskap til.<\/p>\n<p>Pensumheftet inneholder det du trenger \u00e5 vite f\u00f8r du gjennomf\u00f8rer enten Kunnskapspr\u00f8ven i alkoholloven for skjenkebevilling eller Kunnskapspr\u00f8ven i alkoholloven for salgsbevilling.<\/p>\n<p>Pensumheftet sendes som brev med Posten, postgang tar normalt ca. \u00e9n uke. Bestillinger foretatt innen kl. 13 p\u00e5 hverdager, sendes samme dag. Bestillinger foretatt etter kl. 13 sendes neste arbeidsdag.<\/p>\n","protected":false},"excerpt":{"rendered":"<p>Inneholder den fagkunnskapen du trenger til pr\u00f8ven. Sendes med Posten.<\/p>\n","protected":false},"featured_media":31,"template":"","meta":{"_et_pb_use_builder":"","_et_pb_old_content":"","_et_gb_content_width":""},"product_brand":[],"product_cat":[19,18],"product_tag":[],"class_list":{"0":"post-26","1":"product","2":"type-product","3":"status-publish","4":"has-post-thumbnail","6":"product_cat-kunnskapsproven-for-salgsbevilling","7":"product_cat-kunnskapsproven-for-skjenkebevilling","8":"product_shipping_class-bok","10":"first","11":"instock","12":"taxable","13":"shipping-taxable","14":"purchasable","15":"product-type-simple"},"_links":{"self":[{"href":"https:\/\/www.vinn.no\/nettbutikk\/wp-json\/wp\/v2\/product\/26","targetHints":{"allow":["GET"]}}],"collection":[{"href":"https:\/\/www.vinn.no\/nettbutikk\/wp-json\/wp\/v2\/product"}],"about":[{"href":"https:\/\/www.vinn.no\/nettbutikk\/wp-json\/wp\/v2\/types\/product"}],"wp:featuredmedia":[{"embeddable":true,"href":"https:\/\/www.vinn.no\/nettbutikk\/wp-json\/wp\/v2\/media\/31"}],"wp:attachment":[{"href":"https:\/\/www.vinn.no\/nettbutikk\/wp-json\/wp\/v2\/media?parent=26"}],"wp:term":[{"taxonomy":"product_brand","embeddable":true,"href":"https:\/\/www.vinn.no\/nettbutikk\/wp-json\/wp\/v2\/product_brand?post=26"},{"taxonomy":"product_cat","embeddable":true,"href":"https:\/\/www.vinn.no\/nettbutikk\/wp-json\/wp\/v2\/product_cat?post=26"},{"taxonomy":"product_tag","embeddable":true,"href":"https:\/\/www.vinn.no\/nettbutikk\/wp-json\/wp\/v2\/product_tag?post=26"}],"curies":[{"name":"wp","href":"https:\/\/api.w.org\/{rel}","templated":true}]}}