{"id":12,"date":"2021-02-16T15:52:48","date_gmt":"2021-02-16T14:52:48","guid":{"rendered":"https:\/\/www.vinn.no\/nettbutikk2\/?post_type=product&#038;p=12"},"modified":"2021-02-16T15:55:46","modified_gmt":"2021-02-16T14:55:46","slug":"pensumhefte-etablererproven","status":"publish","type":"product","link":"https:\/\/www.vinn.no\/nettbutikk\/produkt\/pensumhefte-etablererproven\/","title":{"rendered":"Pensumhefte &#8211; etablererpr\u00f8ven"},"content":{"rendered":"<p>Med dette pensumheftet vil du stille godt forberedt til \u00e5 ta Etablererpr\u00f8ven for serveringsvirksomhet. Vi har utviklet pensumheftet\u00a0med tanke p\u00e5 at det skal v\u00e6re\u00a0kortfattet, men likevel omhandle alle forhold du forventes \u00e5 ha kunnskap om n\u00e5r du skal ta pr\u00f8ven. Heftet er organisert slik at det skal hjelpe deg \u00e5 f\u00e5 grunnleggende kunnskap om relevante lover og forskrifter, samt \u00f8konomistyring. Pensumheftet gir en helhetlig sammenstilling av det aktuelle stoffet.<\/p>\n<p>Pensumheftet sendes som brev med Posten, postgang tar normalt ca. \u00e9n uke. Bestillinger foretatt innen kl. 13 p\u00e5 hverdager, sendes samme dag. Bestillinger foretatt etter kl. 13 sendes neste arbeidsdag.<\/p>\n","protected":false},"excerpt":{"rendered":"<p>Inneholder den fagkunnskapen du trenger til pr\u00f8ven. Sendes med Posten.<\/p>\n","protected":false},"featured_media":13,"template":"","meta":{"_et_pb_use_builder":"on","_et_pb_old_content":"Med dette pensumheftet vil du stille godt forberedt til \u00e5 ta Etablererpr\u00f8ven for serveringsvirksomhet. Vi har utviklet pensumheftet\u00a0med tanke p\u00e5 at det skal v\u00e6re\u00a0kortfattet, men likevel omhandle alle forhold du forventes \u00e5 ha kunnskap om n\u00e5r du skal ta pr\u00f8ven. Heftet er organisert slik at det skal hjelpe deg \u00e5 f\u00e5 grunnleggende kunnskap om relevante lover og forskrifter, samt \u00f8konomistyring. Pensumheftet gir en helhetlig sammenstilling av det aktuelle stoffet.\r\n\r\nPensumheftet sendes som brev med Posten, postgang tar normalt ca. \u00e9n uke. Bestillinger foretatt innen kl. 13 p\u00e5 hverdager, sendes samme dag. Bestillinger foretatt etter kl. 13 sendes neste arbeidsdag.","_et_gb_content_width":""},"product_brand":[],"product_cat":[17],"product_tag":[],"class_list":{"0":"post-12","1":"product","2":"type-product","3":"status-publish","4":"has-post-thumbnail","6":"product_cat-etablererproven-for-serveringsvirksomhet","7":"product_shipping_class-bok","9":"first","10":"instock","11":"taxable","12":"shipping-taxable","13":"purchasable","14":"product-type-simple"},"_links":{"self":[{"href":"https:\/\/www.vinn.no\/nettbutikk\/wp-json\/wp\/v2\/product\/12","targetHints":{"allow":["GET"]}}],"collection":[{"href":"https:\/\/www.vinn.no\/nettbutikk\/wp-json\/wp\/v2\/product"}],"about":[{"href":"https:\/\/www.vinn.no\/nettbutikk\/wp-json\/wp\/v2\/types\/product"}],"wp:featuredmedia":[{"embeddable":true,"href":"https:\/\/www.vinn.no\/nettbutikk\/wp-json\/wp\/v2\/media\/13"}],"wp:attachment":[{"href":"https:\/\/www.vinn.no\/nettbutikk\/wp-json\/wp\/v2\/media?parent=12"}],"wp:term":[{"taxonomy":"product_brand","embeddable":true,"href":"https:\/\/www.vinn.no\/nettbutikk\/wp-json\/wp\/v2\/product_brand?post=12"},{"taxonomy":"product_cat","embeddable":true,"href":"https:\/\/www.vinn.no\/nettbutikk\/wp-json\/wp\/v2\/product_cat?post=12"},{"taxonomy":"product_tag","embeddable":true,"href":"https:\/\/www.vinn.no\/nettbutikk\/wp-json\/wp\/v2\/product_tag?post=12"}],"curies":[{"name":"wp","href":"https:\/\/api.w.org\/{rel}","templated":true}]}}